 11 = n, 0 = -4*i - 2*n. Let g = 24 + i. Suppose -1 = 2*z - 17. What is the remainder when g is divided by z?
7
Let o(g) = g**3 + 11*g**2 + 13*g - 3. Let y be o(-9). Let c = -25 + y. Suppose -a + 6 = -0*a. Calculate the remainder when c is divided by a.
5
Let t = 0 + 2. What is the remainder when 3 is divided by t?
1
Let p = -16 + 21. What is the remainder when p is divided by 3?
2
Suppose 4*i = 5*q, 3*q - 11 - 1 = 0. What is the remainder when 17 is divided by i?
2
Suppose 0 = -2*a - j + 13 + 7, -48 = -4*a + 2*j. Calculate the remainder when a is divided by 4.
3
Let u = -10 - -24. What is the remainder when (-26 + 0)*(-3 - -2) is divided by u?
12
Calculate the remainder when 270/2 - 8/2 is divided by 33.
32
Let q(v) = -8*v - 6. Let l be 4 - (-2)/4*0. Let d(y) = 2*y**2 - 4. Calculate the remainder when d(l) is divided by q(-2).
8
Let u be 1/4 + 7/4. Suppose 4*a - 2 = u*a. Suppose -4*g - 2*n + 2 = 0, 5*n + 0*n = -4*g - 1. What is the remainder when a is divided by g?
0
Suppose 2*l - t - 21 = -0*l, -l + 18 = 2*t. Calculate the remainder when 154/l - 1/(-6) is divided by 5.
3
Let v(a) = a - 3. Let o be v(8). Suppose o*k - 306 = -76. Calculate the remainder when k is divided by 16.
14
Suppose 2*c = 26 + 54. Let t = c - 28. What is the remainder when 22 is divided by t?
10
Suppose -3*z - z + 12 = 0. Let m(j) = -j**2 + 6*j - 2. What is the remainder when m(z) is divided by 3?
1
Suppose -5*p = -0*p - 265. Let h = p - -20. What is the remainder when h is divided by 25?
23
Let v = -68 - -82. Calculate the remainder when v is divided by 8.
6
Suppose -15 + 4 = -w. Suppose 60 = 3*f - 0*f. Calculate the remainder when f is divided by w.
9
Suppose 5*c = -2*i + 6*i - 61, 0 = -2*i + 3*c + 33. What is the remainder when 0 + (-35)/(-3 + 2) is divided by i?
8
Let p(j) = -j**3 - 7*j**2 - 8*j - 9. Suppose 12 = 12*n - 6*n. Calculate the remainder when p(-6) is divided by n.
1
Let t = 8 - 5. Let x(m) = 4*m - 23. Let u be x(14). Suppose -t*i - 3 = -u. What is the remainder when 28 is divided by i?
8
Suppose 0 = u + 3*u - 60. Suppose -3*p - u = -6*p. Suppose 2*x - 5 - p = 0. What is the remainder when 17 is divided by x?
2
Suppose -8*o + 205 = -3*o. Calculate the remainder when o is divided by 22.
19
Let t(d) = -d + 1. Let z(i) = -7*i + 5. Let x(q) = 6*t(q) - z(q). What is the remainder when x(9) is divided by 4?
2
What is the remainder when 111 is divided by ((-3)/12)/((-10)/760)?
16
Let b = 0 - -11. What is the remainder when 31 is divided by b?
9
Suppose 2*w - 129 = -3*n, -w - w = 0. Calculate the remainder when n is divided by 23.
20
Let m(q) = 2*q**2 - 13*q + 18. Calculate the remainder when 72 is divided by m(7).
22
Let p(m) = -2*m - 29. Calculate the remainder when 32 is divided by p(-18).
4
Suppose 24 = m + m. Let n = 22 - m. Suppose v - n = -0*v. What is the remainder when v is divided by 4?
2
Let x = 208 - 123. Let a = -50 + x. What is the remainder when a is divided by 18?
17
Suppose 0 = -d + 4*q + 24, 4*d - 109 = -q - 13. What is the remainder when 44 is divided by d?
20
Suppose 4*t = 16 + 8. Suppose 2*z - 39 = -z. Suppose -3 = -y + z. Calculate the remainder when y is divided by t.
4
Suppose -p + 12 = b, -5*b + p + 92 = 2. What is the remainder when b is divided by 4?
1
Let x(r) = r**3 - 4*r**2 + 9*r + 1. Let p(m) = -m**3 - 4*m**2 - 4*m - 3. What is the remainder when x(4) is divided by p(-4)?
11
Suppose -10*d + 19 + 161 = 0. Calculate the remainder when 89 is divided by d.
17
What is the remainder when (1/(-2))/(1/(-106)) is divided by 28?
25
Let i be 1/(1/4*1). Suppose 0 = i*h - 5*v - 39, 4*h - v - 49 = 2*v. Calculate the remainder when 45 is divided by h.
13
Let b = 7 + -4. Suppose 0 = b*h - 25 - 8. Calculate the remainder when 20 is divided by h.
9
Let h(p) = -3*p + 21. What is the remainder when h(-10) is divided by 11?
7
Suppose -182 = -4*r - 0*r + 2*a, 2*r + a = 81. Let v = 62 - r. Suppose n = -3*w + 7, -n - n - w = -v. What is the remainder when n is divided by 6?
4
Suppose -121 = 4*y + 3*p, 34 + 127 = -4*y + 5*p. Let i = 1 - y. Calculate the remainder when i is divided by 18.
17
Suppose -14*t + 154 = 28. What is the remainder when 17*(0 - (-1 - 0)) is divided by t?
8
Let g(y) = y**2 - 9. Let w be g(-7). Suppose 140 = 5*q - w. What is the remainder when q is divided by 10?
6
Suppose -4*r + 35 = r. Let q = 35 + -9. Let x = 45 - q. Calculate the remainder when x is divided by r.
5
Suppose 4*s - s - 282 = 0. Calculate the remainder when s is divided by 19.
18
Let k = 105 + -43. Suppose 149*j = 152*j - 48. What is the remainder when k is divided by j?
14
Let k be 3*1 - (-2 + -116). Let x = k + -86. Calculate the remainder when x is divided by 9.
8
Let g(c) = c. What is the remainder when 24 is divided by g(10)?
4
Let d(y) = 15*y + 3. Calculate the remainder when 52 is divided by d(1).
16
Suppose -f = 4*f - 165. Suppose f + 57 = 5*t. Calculate the remainder when 4*4/64 + 270/8 is divided by t.
16
Suppose 0 = 6*m - m - 600. Suppose 0 = -2*r - 6 + m. What is the remainder when r is divided by 1*2/1 - -13?
12
Let h be 28/6 - 2/3. Suppose -j + 16 = -0*q + q, -h*q - j + 79 = 0. What is the remainder when q is divided by 12?
9
Suppose -7*v + 0*v + 224 = 0. Calculate the remainder when v is divided by 17.
15
Let u = 315 + -225. Suppose 4*f + u = 10*f. What is the remainder when 44 is divided by f?
14
Suppose -9*x + 7*x + 70 = 0. What is the remainder when x is divided by 19?
16
Suppose 2*z + 8 = 4*z. Suppose 4 = 2*p - 3*x + x, p + 2 = 2*x. What is the remainder when p is divided by z?
2
Suppose -5*z = -4*u + 21, 4*z + 3*u - u = -22. What is the remainder when (-8)/z - (-6)/15 is divided by 1?
0
Let q(l) = 2*l + 12. Let g be q(-9). Let u = 11 + g. Suppose 5*i + 0 = 20. Calculate the remainder when u is divided by i.
1
Let b(f) = -f**3 + 5*f**2 - 2*f + 6. Let y be b(4). Let a = y - 10. Calculate the remainder when 13 is divided by a.
1
Let g(x) = -16*x**3 - 2*x + 1. Let q be g(1). Suppose -4*c = -2*j - 130, -5*c + 10 = 3*j - 169. Let o = c + q. What is the remainder when o is divided by 9?
8
Let k(p) = p**3 - 4*p**2 - 3*p - 4. Let w be k(5). Suppose 2*m = 1 + 9. What is the remainder when m is divided by 6*(0 + 3)/w?
2
Suppose -5*i - 10 = -395. Let v(g) = -2*g**2 + 3*g - 2. Let s be v(2). Let n(m) = m**3 + 4*m**2 - 5*m. What is the remainder when i is divided by n(s)?
17
Let v(z) = z - 8. Let q be v(6). Let r be -8*(0 - q/(-2)). Let h = r - 4. Calculate the remainder when 10 is divided by h.
2
Let c(u) = -14*u. Let d(a) = -3*a + 15. Let y be d(6). Calculate the remainder when c(y) is divided by 15.
12
Let o = 11 + 3. What is the remainder when 4/(-14) + 480/o is divided by 9?
7
Let i(u) = -5*u - 1. Let w(h) = 10*h + 2. Let s(q) = -11*i(q) - 6*w(q). Calculate the remainder when 16 is divided by s(-2).
7
Let h be (-11)/(-1)*(-3 + 1 + 1). Suppose -3*c = 4*l - 11, 2*c - 1 - 11 = -5*l. Calculate the remainder when 19 is divided by (-1)/2*(h + c).
4
Suppose 2*u = q - 14 - 48, -4*q + 3*u + 263 = 0. What is the remainder when q is divided by 18?
14
Let s = 9 - 3. Calculate the remainder when 117/s*2/3 is divided by -2*(1 - (-14)/(-4)).
3
Let w(u) = u**2 - u - 1. Let k be w(2). Let l be ((-8)/2)/k*-3. Suppose -4*a + 52 = -l. Calculate the remainder when a is divided by 9.
7
Suppose d + 4*d - 250 = 0. Suppose -2*x + 3*x = 59. Let f = x + -42. What is the remainder when d is divided by f?
16
Suppose 5*a = a + 28. What is the remainder when 12 is divided by a?
5
Suppose 13*k - 3*k - 500 = 0. What is the remainder when k is divided by 9?
5
Suppose 4*i + 4*f + 0*f - 248 = 0, -2*i + f + 133 = 0. Calculate the remainder when i is divided by 17.
14
Let g(c) = c**2 + 6*c - 2. Let w be g(-7). Suppose -9*h = -w*h - 108. What is the remainder when 107 is divided by h?
26
Let d = 83 - 39. Let t = 6 + -1. Suppose -v - t*f = -3*f - 25, 0 = -3*v + 4*f + 25. What is the remainder when d is divided by v?
14
Let m(z) = 35*z + 2. Let b be m(2). Suppose 2*o = 6*o - 4*h - b, 5*h + 60 = 3*o. What is the remainder when 43 is divided by o?
13
Suppose -3*i + 136 - 34 = 0. Calculate the remainder when i is divided by 18.
16
Let u(c) = -2*c**3 + c**2 + 3*c + 2. What is the remainder when 4 is divided by u(-1)?
0
Let c = 23 + -17. What is the remainder when 15 is divided by c?
3
Let m = -4 + 6